(t)?
7
Let k(t) = -45*t**2 + 13*t**2 - t**3 + 21*t**2 + 12*t**2 - 4. Determine k(3).
-22
Let z(i) = i - 3. Let a(x) = x**3 - 7*x**2 - 18*x + 3. Let q be a(9). Give z(q).
0
Let g(b) = -3*b - 6. Let k = -15 - -11. Give g(k).
6
Suppose -2*r - u - 8 = -5*u, r = -2*u. Let j(x) = x + 4. Calculate j(r).
2
Let m(w) = w**2 - 24*w - 37. Let o be m(25). Let y(a) = a**2 + 11*a - 10. Give y(o).
2
Let x(d) = d**3 - d**2 + d - 1. Let m(q) = -8*q**3 - 2*q**2 + 4*q - 5. Let u(r) = -m(r) + 4*x(r). Calculate u(1).
11
Let s(t) = 82 - 2*t - 76 + 3*t. What is s(-7)?
-1
Let t(c) = c**2 + 4*c - 5. Let j be t(-6). Let n(a) = -6 - a**3 - 2*a + 2*a**2 + 0*a - j*a**2. Let y = -42 + 37. Determine n(y).
4
Suppose -3*h - 8 = -x, -x + h = 2*h. Suppose -x*l + 9 + 1 = 0. Let j(q) = -q**2 + 5*q - 6. What is j(l)?
-6
Let g(l) = 3*l + 3. Let k = -14 - -6. Let a be (k/(-10))/(10/(-25)). Give g(a).
-3
Let m(k) = -k. Let d be m(0). Suppose 2*i - 6 - 2 = d. Let v(n) = -n**3 + 0*n + 2*n - i*n + 4*n**2. Give v(2).
4
Let a be 96/(-60)*10/(-4). Let k(x) = 1 + 10*x - a*x + x + x. Let n be (1 - -2)*(-1)/(-3). Calculate k(n).
9
Suppose 0 = 4*r - 25 + 9. Let s = 7 + -15. Let x be 15/r + (-2)/s. Let j(b) = -b**3 + 3*b**2 + 3*b + 2. Determine j(x).
-2
Let q(f) = f - 2. Let t(h) = 2*h - 4. Let l(k) = -5*q(k) + 2*t(k). Let u(i) = -i**2 - 4*i + 5. Let c be u(-5). What is l(c)?
2
Let c(l) = l**3 - 4*l**2 - 7*l + 7. Let z = 13 + 20. Let j be z/7 + (-4)/(-14). What is c(j)?
-3
Let q(z) = 0 - z**2 + 55*z + 2 - 58*z. Determine q(-4).
-2
Suppose -3*h + 3*m + 6 = 0, -4*m + 27 = 4*h - 13. Let g(q) = -6 + 6 - h - q. What is g(-3)?
-3
Let a be 3/2 - (-2)/4. Suppose a*v + 3*v = 10. Let o(l) = 3*l - 4*l + 0*l + v*l + 9 - l**2. Calculate o(0).
9
Let o(r) = -6*r + r + 6*r + 6. Calculate o(5).
11
Let s(m) = -7*m**3 + m. Let a be s(-1). Let d be (-20)/a*6/(-5). Suppose 5*l + d*v + 0*v + 25 = 0, -5*v = -2*l + 23. Let k(h) = -3*h. Determine k(l).
3
Let q(m) = m - 4. Let f = -170 + 175. Determine q(f).
1
Let g(y) = y**2 + 27. Let c(k) = k**2 - 10*k + 24. Let m be c(6). What is g(m)?
27
Let x be (1/(-2))/(3/(-6)). Suppose -3*l = -g + x, -2*g - g - 15 = -3*l. Let p = 5 + g. Let c(w) = w**2 + 6*w + 4. Determine c(p).
-5
Suppose 3*a + 9 = 2*a + 2*g, 5 = -a + g. Let n(b) = 6*b + 1. Let c be n(a). Let h(v) = -4*v - v - v**2 - 2*v. Determine h(c).
10
Let i be -3 + -3*(1 - 2). Let c(s) be the third derivative of s**4/24 - s**3/2 - 10*s**2. Give c(i).
-3
Let b(j) = -j**2 - 4*j + 1. Let a be b(-3). Let c(f) = -f**2 - 2*f + 2. Let n be c(-4). Let t be a/10 - n/(-15). Let h(u) = u**3 + u**2 - 9. Give h(t).
-9
Let q(a) = 27*a**2 - 14*a - 5. Let g(p) be the third derivative of -3*p**5/10 + 3*p**4/8 + p**3/2 - p**2. Let k(j) = 8*g(j) + 5*q(j). Determine k(1).
-8
Let w(b) = -b**3 - 3*b**2 + 3*b - 2. Let v = 7 + -10. Calculate w(v).
-11
Let k(u) be the second derivative of u**5/60 + 7*u**4/24 + u**3 - 7*u**2/2 - 2*u. Let d(l) be the first derivative of k(l). Give d(-4).
-6
Let z(n) = n + 9. Suppose -2*c + 4 = 0, 9*c - 4*c = -2*u - 18. Let k(h) = -h**3 - 15*h**2 - 13*h + 7. Let l be k(u). Give z(l).
2
Let m(z) = -z**3 - 3*z**2 + 2. Let a be m(-3). Let p(s) = -3 - 8*s**a + 7 - s**3 - 8*s + 2*s + s**2. Calculate p(-6).
4
Let j(g) = 2*g**2 + 2*g - 2. Let q = -5 - -3. Give j(q).
2
Let c(t) be the second derivative of t**6/90 - t**5/120 + t**4/12 + 2*t. Let w(f) be the third derivative of c(f). Determine w(1).
7
Let j(r) be the third derivative of -r**6/120 - r**5/60 + r**4/8 - r**3/6 + 2*r**2. Calculate j(2).
-7
Let i be 2/(-5) - 128/(-20). Let o(n) = -n + 9. What is o(i)?
3
Suppose -4*l + 0 = -8. Let g(y) = -y**2 - 1 + l*y + 3*y - 3. Let j be 1/(0 - (-1)/5). Calculate g(j).
-4
Let v(u) = 2*u**3 - 10 + 16*u**2 - u**3 + 7*u + 4 - 23*u**2. Determine v(6).
0
Let r(c) = -2*c**2 - c - 1. Let l(m) = -3*m**2 - 2*m - 2. Let z(w) = 6*l(w) - 11*r(w). Let b = -82 + 81. Give z(b).
4
Let m = -7 - -11. Suppose z = -m*z + 45. Suppose z*j - 4*j = 5. Let a(q) = -2*q**3 - q**2 - q + 1. What is a(j)?
-3
Let b(k) = k**3 + 36*k**2 - 78*k**2 + 35*k**2 + 10 - 9*k. Calculate b(8).
2
Let s = 33 - 23. Let o(h) = -2*h**2 - s*h**3 - h - 1 + 1. Let c = -44 + 43. Give o(c).
9
Suppose d + 0 = -2. Let y(j) = -3*j**3 - 5*j**2 - 3*j - 3. Let x(m) = -10*m**3 - 16*m**2 - 9*m - 10. Let q(c) = 2*x(c) - 7*y(c). Calculate q(d).
-1
Let p = -29 - -27. Let y(u) = -u**2 + 3*u + 3. What is y(p)?
-7
Suppose 0 = 5*o, 4*i = 3*o - 90 + 6. Let p be (-1)/(60/i - -3). Let x(f) = f. Give x(p).
-7
Let b(c) = -c**3 - 3*c**2 - c - 1. Let p be b(-3). Let k(n) be the second derivative of 1/20*n**5 + 0*n**3 + 0 + 0*n**4 + 3*n - n**2. Calculate k(p).
6
Let p be (-2)/(-3) - (-10)/(-15). Let c(n) = -n**2 + n - 6. Determine c(p).
-6
Let d(k) = 3*k + 7. Suppose 5*n = n + 16. Let o(b) = 5*b + 14. Let r(q) = n*o(q) - 7*d(q). What is r(0)?
7
Let c(f) = f**3 - 5*f**2 + 3*f + 5. Suppose -10*t = -9*t - 4. Give c(t).
1
Let k(g) = -9*g**2 - 17*g + 4. Let n(w) = 4*w**2 + 8*w - 2. Let s(v) = 3*k(v) + 7*n(v). Suppose d = 4 - 12. Let z = -12 - d. What is s(z)?
-6
Let o(k) = k**2 + 6*k - 11. Let b be -2 + (-15)/10*4. Determine o(b).
5
Let f = 1/1220 + 3/61. Let i(z) be the second derivative of 3*z**2 - 1/12*z**4 + f*z**5 - z + 1/6*z**3 + 0. Calculate i(0).
6
Let r(l) be the third derivative of l**5/60 + 5*l**4/24 + l**3/2 + 12*l**2. Give r(-5).
3
Let p(f) be the second derivative of -f**5/20 - f**4/12 - f**3/6 - 2*f**2 - 24*f. Calculate p(0).
-4
Let b(s) = -s + 9. Let r be b(5). Let n(v) be the second derivative of -3/2*v**2 + 1/6*v**3 + 4*v + 0. What is n(r)?
1
Suppose 5*z + 40 = -4*d, 4*z = 3*d - 7*d - 36. Let q(n) = -3*n**2 - 23*n + 17. Let u(j) = -2*j**2 - 15*j + 11. Let i(r) = 5*q(r) - 8*u(r). What is i(d)?
-3
Let f(g) be the first derivative of g**4/4 + 2*g - 1. Let i(n) be the first derivative of f(n). Determine i(-2).
12
Let x be 3/9 - 15/(-9). Suppose -3*o - 3*z - 4 = x, -4*o - 3*z - 3 = 0. Let a(s) = o - 3*s + 6 - 5 + s**2. Give a(4).
8
Let l(u) be the second derivative of -u**8/6720 - u**7/504 - u**6/120 - u**5/120 - 2*u**4/3 + 7*u. Let y(m) be the third derivative of l(m). Calculate y(-4).
7
Let k = 13 + -18. Let c(s) = -11*s**2 - 3*s - 3. Let t(l) = -6*l**2 - l - 1. Let i(x) = k*t(x) + 2*c(x). Determine i(-1).
8
Let r(q) = 20*q**3 - 14*q**2 - 17*q + 18. Let l(n) = 7*n**3 - 5*n**2 - 6*n + 6. Let i(y) = -17*l(y) + 6*r(y). Calculate i(0).
6
Let f be 15/3 - (-8)/4. Let b(g) = -2*g - 9. Let j(u) = 3*u + 14. Let h(c) = f*b(c) + 5*j(c). Give h(-5).
2
Let j = 7 + -3. Let q(w) = -3*w + 5. What is q(j)?
-7
Let z = 135 + -400/3. Let s(f) be the first derivative of -3 + f**2 - 1/4*f**4 + 7*f - z*f**3. What is s(-5)?
-3
Let f be (-2 - 1 - -6) + 2. Suppose 5*z - 5 = f. Let m(h) = 2*h + 3*h - h + h**z + 4. Calculate m(-3).
1
Let a(q) = -5*q + 1. Let u(j) = -2*j + 1. Let m be u(-1). Let i be -1*m/(3/(-2)). Suppose 2*k = -3*f - 7, f + f + i = -4*k. Calculate a(k).
-4
Let l(p) = p**2 + 1. Let w be l(1). Let o(f) = -f**2 + w*f + 4 - 3 + 5 - 6*f. Give o(-6).
-6
Let v(t) = -t**2 + 8*t - 2. Let g(m) = 2*m**2 - 16*m + 3. Let o(i) = 4*g(i) + 9*v(i). What is o(4)?
10
Let f = 18 + -16. Let o(k) = -k + 1. Determine o(f).
-1
Suppose 0 = -5*c - 0*c + 15. Suppose 0 = -q + c - 0. Let r(i) be the second derivative of -i**4/12 - i**3/6 + 3*i**2/2 + i. Determine r(q).
-9
Let u(j) = 2*j. Suppose m - 14 = -3*v, -3*v - 2*v = 5*m - 40. Calculate u(m).
10
Suppose 0 = 6*o - 3*o - 6. Let s = o - 0. Let h(x) = -4*x**2 - 5*x - 2 + 3 + 5*x**s. Determine h(4).
-3
Let v(l) be the first derivative of l**3 - l**2 + 2*l - 5. Determine v(2).
10
Let o be (-4)/(-10) - ((-74)/(-10) - 3). Let k(z) = -z**2 - 3*z + 1. What is k(o)?
-3
Let j be (14/(-2) - -1) + 2. Let d(y) = 4*y**2 + 7*y - 5. Let i(r) = 3*r**2 + 6*r - 5. Let s(w) = -2*d(w) + 3*i(w). What is s(j)?
-5
Suppose -2*n - 9 = b, 2*b + 3*n + 6 = -10. Let d(l) = l**3 + 4*l**2 - 6*l. What is d(b)?
5
Let l(q) = -6*q - 3 - 15*q**2 - 1 + 16*q**2. Calculate l(5).
-9
Let d be (-51)/(-2)*180/(-27). Let g be (-4)/18 - d/(-45). Let j(l) be the third derivative of l**6/120 + l**5/12 + 5*l**4/24 + l**2. What is j(g)?
-4
Let c = -10 + 3. Let s(k) = -k**2 - 6*k + 3. Let b be s(c). Let g be (b/(-3))/((-8)/24). Let h(u) = u**3 + 5*u**2 + 6*u + 3. What is h(g)?
-5
Suppose 0*a - 3*a + 6 = 0. Let y be (-1)/2 + 